 + (-2)/(-20)*-4. Suppose 2*n - t = 0, 7*n - 11*n = -3*j + 2. Let c(b) = -b + 7. What is c(j)?
1
Let q = -44 + 67. Let g(w) = 6*w + 16*w**2 + q*w**2 + w - 1 - 38*w**2. What is g(-7)?
-1
Let k(w) be the second derivative of -1/12*w**4 - 3/2*w**2 - 5/6*w**3 + 0 - 10*w. Give k(-4).
1
Let r(o) be the first derivative of 3*o**2 + 19*o - 646. Determine r(-8).
-29
Let j be (-4 + 4 - 4)*1. Let n be ((-27)/36)/(1/(-4)). Let m(z) = z**3 - z**2 - 4*z + 1 + 0*z**n + z**2 + 2*z**2. What is m(j)?
-15
Let o(p) = p**2 + 8*p - 1. Let a(n) = n**3 - 7*n**2 + 6*n + 6. Let i be a(6). Let k(s) = 1 - i*s - 2 + 5*s. Let h(c) = -4*k(c) - o(c). What is h(-4)?
5
Let c(m) = 135 - m**2 - 289 - m + 139. Determine c(0).
-15
Suppose -4*m = 5*o + 15, 0*m = 5*o + 5*m + 10. Let x(q) be the second derivative of -q**4/12 - 4*q**3/3 + 2*q**2 - 5*q - 2. Determine x(o).
11
Suppose -c = -3*c + 4. Suppose r - c = 3*r. Let u(t) = -2 - t**2 - 15*t**3 + 6 - 5 - t. What is u(r)?
14
Let s(a) = -3*a + 0 + 5*a**3 + 4 - 6*a**3 - 4*a**2. Determine s(-4).
16
Let v(m) = -m**2 + m + 51. Let i be v(0). Suppose 0 = u + 9 - i. Let z be (-10)/14 - 12/u. Let k(h) = h**2 + 2*h + 1. Determine k(z).
0
Let k(j) = -26 + 8 - 4818*j**3 + 4819*j**3. What is k(0)?
-18
Let t(g) = g**3 - 6*g**2 + 7*g - 4. Suppose -2*m + r = -3*m + 10, -4*m - 5*r + 45 = 0. Give t(m).
6
Let t(r) = -4 + r**2 - 13*r + 0*r**2 - 7*r**2 + 18*r. What is t(3)?
-43
Let c(m) = 5 + 18*m**2 - 5*m - 49*m**2 + 32*m**2. What is c(6)?
11
Let y(s) = -s**2 + 1. Let z = 8 - 0. Let h = 54 + -64. Let w = z + h. Calculate y(w).
-3
Suppose -3*v + q + 23 = 2, 4*v + 5*q - 47 = 0. Let w(p) = -p**2 + 9*p - 17. What is w(v)?
-9
Let m(k) = 2*k**2 - 2*k + 1. Suppose -1 = -i + 2. Suppose -28*x + 7 = -21*x. Let v be (-2 - -2) + i/x. What is m(v)?
13
Let k(j) = j - 11. Let l be (-4)/5 - 139/(-5). Suppose 5*u + 13 = -l. What is k(u)?
-19
Let y(j) be the first derivative of 10 + 3/2*j**2 + 5*j - 1/3*j**3. Let x be (24/(-30))/((-1)/5). Determine y(x).
1
Let t(o) be the second derivative of -o**5/20 - 7*o**4/12 - 5*o**3/6 + o**2 - 153*o. Calculate t(-5).
-23
Let r(d) = -d**2 + 11*d + 4*d**2 + 39 - 43 - 16*d + 2*d. Give r(-2).
14
Let i(m) = -7*m - 3. Let v = -312 - -308. Give i(v).
25
Let j(y) = -2*y**2 - 12*y - 1. Let o be j(-5). Let r(l) = -17 + 0*l + 7*l + o - 2*l**2 + l**2. Give r(7).
-8
Let l(p) = p**3 - p. Let j = -13 - -12. Suppose 4 = -o - 3*o. Let k(c) = -2*c**3 + 2*c + 2. Let h(a) = j*l(a) + o*k(a). What is h(2)?
4
Let r(l) be the second derivative of l**3/6 + 3*l**2/2 - 54*l. Give r(3).
6
Let n(i) be the second derivative of -i**3/6 - 23*i**2/2 + 368*i. Determine n(-24).
1
Let a(c) = 2*c**2 - 1 - c**2 + 4*c**3 - 5*c**3 + 2*c. Let s be 2/7 + (-156)/(-42). Let v(p) = 2*p - 6. Let r be v(s). Determine a(r).
-1
Let n(p) = -7*p**3 - p**2 + 2*p + 2. Suppose 3*j + j + 5 = g, 3*j + 3*g = 0. Give n(j).
6
Let p(k) be the second derivative of 1/360*k**6 + 0 + 0*k**5 - 1/24*k**4 + 0*k**2 - 4*k - 1/2*k**3. Let o(b) be the second derivative of p(b). Calculate o(-3).
8
Let z(a) = 3*a + 10. Suppose n + 3*y = -7, 4*y + 12 = 8*n - 10*n. What is z(n)?
-2
Suppose -3*m - 3*n = -9, -5*m - 1 = -2*n - 2. Let q(y) = 5*y**2 + 12*y - m - 14*y - 4*y**2. Let c = -9 - -11. Determine q(c).
-1
Let z be 0 + 3 - (-132)/(-48). Let f(s) be the third derivative of -z*s**4 + 1/120*s**6 - 1/12*s**5 - 6*s**2 + 1/6*s**3 + 0 + 0*s. Calculate f(6).
1
Let p(r) = -r**3 + 2*r**2 + 1. Let v(i) = -5*i - 2. Let k be v(-7). Let d = -31 + k. What is p(d)?
1
Suppose 7*c + 18 = 4*c. Let d(x) = 7*x - 2. Let n(b) = 17*b - 4. Let f(t) = 5*d(t) - 2*n(t). What is f(c)?
-8
Let w(o) = 93*o - 99*o + 4*o**2 - o**3 - 2*o**2 + 2. Let k(s) = s**3 - 3*s**2 + 7*s - 2. Let q(x) = -6*k(x) - 7*w(x). Determine q(-4).
-2
Let g(f) = -3*f - 3 - 2 + 1. Let w be g(-8). Suppose -2*y + 7*y = w. Let p(h) = -h**3 + 3*h**2 + 4*h + 1. What is p(y)?
1
Suppose -4*u - 7 = -19. Let s(v) = 54*v + 32 - 21*v - 29 - 29*v. Determine s(u).
15
Let o(w) be the first derivative of -w**4/4 + 4*w**3/3 - w**2/2 - 2*w + 10. Suppose 13*s = 6*s + 21. Determine o(s).
4
Let w(t) = -2*t**3 - 5*t**2 - 3*t - 2. Suppose -b = -4*y - 5, 6*b - 3*y = 9*b + 15. Determine w(b).
16
Let z(c) = -6*c. Let m = 17 + -15. Suppose -2*r = m*r. Suppose -5*u - 4*q = -17, 3*q = -r*u - 4*u + 13. Give z(u).
-6
Let t(l) = 5*l**2 - 7*l + 1. Let w(n) = n**2 - 2*n. Let b(j) = -t(j) + 6*w(j). What is b(4)?
-5
Suppose -3*k = 21 - 6, 0 = -4*h - 2*k + 6. Suppose -2*i = -h, 2*d = i - 2 - 0. Let y(v) = v. What is y(d)?
0
Let g be ((-170)/6)/((-1)/3). Let a = g + -89. Let o(m) = m. Calculate o(a).
-4
Let k(o) be the second derivative of o**4/12 - 7*o**3/6 + o**2 + o. Suppose -c - 20*c = -147. What is k(c)?
2
Let p be 1/(-1) - (2 - 1). Let x(a) be the second derivative of -a**3/6 - a**2/2 - 707*a. Give x(p).
1
Let x(b) = b - 4. Let u(s) = -2*s - 6. Let d(a) = 3*a + 7. Let v be d(-5). Let f be u(v). Suppose -k - 24 = -5*k - 4*n, -4*n = -3*k - f. What is x(k)?
-2
Let f(w) = -22 - 19 - 6*w - 20 + 59. Suppose -2*d + d = -2. Determine f(d).
-14
Let s be 1 - (20 + -4)/(-4). Suppose -w = -4*w - 9, -2*w = -s*r + 16. Suppose 3*v - 5*v = r. Let j(y) = 5*y**2 + 2*y + 1. Calculate j(v).
4
Let d(a) = a**2 + 9*a + 9. Let o = 100 - 106. What is d(o)?
-9
Let r = -47 + 61. Let z be r/(-8) + 15/20. Let l(u) = -4*u + 1. Calculate l(z).
5
Let s(o) = -13 + o + 0 + 4 + 5. Calculate s(-3).
-7
Let s(o) = -o**2 - o + 1. Let q(y) = -2*y**2 - 2*y + 1. Let m(x) = -3*q(x) + 5*s(x). Let l = -399 - -399. Give m(l).
2
Let k(r) = r**3 - 2*r + 1. Suppose -2*l = 5*a + 14, 2*a + 54 = -4*l + 5*a. Suppose -2*x - 4*y + 40 = 2*x, x - 4*y = 30. Let j = l + x. Give k(j).
5
Suppose 47 = -5*k + 4*o + 16, -10 = k + 3*o. Let u = k - -10. Let z(r) = -6*r**2 + 7*r + 2. Let p(q) = 2*q**2 - 2*q - 1. Let b(c) = -5*p(c) - 2*z(c). Give b(u).
7
Let l(k) = -k**3 - 20*k**2 + 73*k + 86. Let n be l(-23). Let f = -2 - -4. Let p(t) = f*t + 3*t**2 + 6*t - 2*t**2 + 5. Determine p(n).
-7
Let u(q) = -39*q + 77 - 236*q + 9*q. Let c(n) = -7*n + 2. Let v(w) = 77*c(w) - 2*u(w). Let t(r) = 2*r**2 - 2*r + 1. Let l be t(1). Calculate v(l).
-7
Let x(w) = w**3 - 6*w**2 + w - 3. Let m be x(6). Suppose 4*z + m + 12 = b, 3*z - 2*b = -5. Let f be z*2/25*5. Let s(l) = l. What is s(f)?
-2
Let n(r) be the third derivative of -r**4/24 - 2*r**3/3 + r**2. Suppose 5*h + 46 = 3*l, 11*l - 15*l + 24 = -2*h. What is n(h)?
4
Suppose -3600 + 3615 = 3*x. Let g(h) = h**3 - 6*h**2 + 8*h + 7. What is g(x)?
22
Suppose 25*f + 13 = 38*f. Let k(m) = -12*m**3 - 1. Calculate k(f).
-13
Let d(c) = -8*c**2 + 2. Let y(b) = -13*b**2 + b. Let f(w) = -3*d(w) + 2*y(w). Determine f(4).
-30
Let l(f) = -1 - 2*f + 3*f - 1. Let a = -104 + 111. What is l(a)?
5
Let k(q) = -q + 12. Let z be 12 + ((-5)/10)/((-1)/(-10)). Give k(z).
5
Let a(c) = c - 1252 - 1255 + 2516. What is a(3)?
12
Let b(w) = -4*w - 2*w + 7*w - 11. Let g be b(8). Let a(c) be the third derivative of c**5/30 + c**4/24 + c**3/3 - 70*c**2. Give a(g).
17
Let b(p) be the second derivative of -4*p**3/3 - 45*p**2 + 8*p + 11. Calculate b(-12).
6
Let q(f) = -f**2 + f - 2. Let c = -76 + 86. Suppose z - 8*w + 3*w = 23, -2*w - c = 0. Give q(z).
-8
Let v(m) = -m**2 + m - 1. Let o(w) = -2*w**2 + 3*w + 3. Let r(l) = -o(l) + v(l). Give r(4).
4
Let t(r) = 8*r**3 - 5 + 5*r**3 - 5*r**2 + 4*r**3 - 16*r**3 - 3*r + 3. What is t(4)?
-30
Let a(m) be the first derivative of 2*m**3/3 - 3*m**2/2 - 2*m + 181. Calculate a(3).
7
Let q(a) be the first derivative of a**3/3 + 7*a**2/2 + a - 4. Let l be q(-7). Let f(z) be the first derivative of -5*z**3/3 - z - 5. Determine f(l).
-6
Let v(z) = -5*z**2 + 10*z + 2. Let i(r) = -r**2 + r + 1. Let d be (5/(17 - 2))/((-3)/(-9)). Let w(y) = d*v(y) - 4*i(y). Determine w(6).
-2
Let m(k) = -3 + 4 - 12 - k + 5 + 3. Let y = 6 + -12. Determine m(y).
3
Suppose -5*w = 47 - 77. Suppose w*d = 22*d + 96. Let b(j) = -j**2 - 5*j + 3. What is b(d)?
-3
Let c(a) = 9*a**3 + 5*a**2 + 5*a - 4. Let k(x) = -2*x + 48. Let w be k(22). Let y(q) = 19*q**3 + 11*q**2 + 11*q - 9. Let l(p) = w*y(p) - 9*c(p). Give l(-1).
5
Let v(m) be the third derivative of m**4/24 + m**3/2 + 5*m**2. Let i be -4*(-1)/(4/16*-4). Give v(i).
-1
Let u(h) = -1 + h**2 - h - 7*h + 3*h + 5. Suppose 4*b + 3*t = 9 - 0, b + t = 2. Give u(b).
-2
Let q(j) be the first derivative of 